se 2*u + t = 32, 5*u = -0*u + o*t + 80. What is the highest common factor of 8 and u?
8
Let r be (-72)/54*(-3)/2. Let o be (-28)/(-8) - 4 - (-11)/r. What is the highest common divisor of o and 25?
5
Suppose -4*w + 418 = 2*v, v = -5*w + 613 - 98. Calculate the highest common divisor of w and 6.
6
Let i(a) = -23*a + 1. Let f be i(-1). Let h(l) = -15*l + 36. Let p be h(0). Calculate the highest common factor of p and f.
12
Let f(c) = -c + 8. Let v be f(-28). Calculate the highest common divisor of 288 and v.
36
Let o(y) = y**3 + 6*y**2 - 9*y. Let m be o(-8). Let t be 18*(m/(-6))/7. Suppose -t = -b + 6. Calculate the highest common divisor of b and 12.
6
Suppose 0 = 8*n - 18 - 6. Suppose 0 = 5*g - v - 40, -v - 24 = -n*g + v. Calculate the greatest common divisor of g and 32.
8
Suppose 49*g + 23265 = 82*g. Calculate the highest common factor of 45 and g.
15
Let d(t) = -t**2 - 28*t - 22. Let w be d(-27). What is the greatest common divisor of 15 and w?
5
Let y = -19 + 31. Let v be 2 + (3 - 1) - (-23 + 1 + -4). Calculate the highest common divisor of v and y.
6
Let f be 2400/24*(3 + 8). Calculate the greatest common divisor of 110 and f.
110
Suppose -90 = -9*n + 4*n. Calculate the highest common factor of n and 48.
6
Let m be -5 - 27*((-3 - -5) + -3). Let r be (-70)/4*16/(-10). Let v = r - 17. Calculate the highest common factor of m and v.
11
Suppose 0 = -4*n + 5*i + 12, 0*n = 4*n + 5*i - 12. Suppose -7 + n = 2*r. Let x be (0 - (r - 2))*8. What is the highest common factor of 80 and x?
16
Let n be 27/2 + 2/4 + 1. Suppose 6*o - 15 = n. Let l = 21 - -24. Calculate the greatest common factor of o and l.
5
Let c be (-9)/6*4/(-6). Let j = 4 + 8. Suppose -2*a + 8 = -j. What is the highest common factor of a and c?
1
Suppose -1121 = -j - 5*q, 0 = 3*j - 2*q + q - 3283. Let a be j/(-40) - 4/(-10). Let w = 8 - a. What is the greatest common divisor of 7 and w?
7
Let o = -30 + 69. Let u = o - -9. What is the highest common divisor of 32 and u?
16
Suppose -60 = -8*p + 4*p. Suppose -9 + p = 2*g. Let i(z) = -z**2 - 10*z - 9. Let w be i(-7). Calculate the greatest common divisor of g and w.
3
Let c be 564/3*(-32)/(-16). Calculate the greatest common factor of 141 and c.
47
Let x = 159 + -111. Calculate the highest common factor of x and 456.
24
Suppose -3*a + a + 138 = 0. What is the highest common divisor of 483 and a?
69
Let x(f) = -2*f**2 - 24*f - 5. Let i(h) = 4*h**2 + 49*h + 9. Let p(d) = 6*i(d) + 13*x(d). Let n be p(-8). Calculate the highest common factor of n and 20.
5
Suppose 3*q - 145 + 37 = 0. Suppose -q*c - 132 = -38*c. Calculate the greatest common factor of 165 and c.
33
Let o be (-224)/9 + 3/(-27). Let j = 59 + o. What is the highest common divisor of j and 85?
17
Let r = 256 + -136. Let v be 4*(318/66 - (-4)/22). What is the greatest common divisor of v and r?
20
Let i be ((-1746)/970)/((-1)/25). What is the greatest common factor of 85 and i?
5
Suppose 0 = -315*s + 324*s - 12078. Calculate the greatest common factor of s and 122.
122
Let b be (-113)/(-2) - (-6)/(-4). Suppose n + 1 + 7 = 0. Let x(i) = -5*i - 18. Let v be x(n). Calculate the highest common divisor of v and b.
11
Suppose -300 = -117*z + 102*z. What is the highest common divisor of z and 500?
20
Suppose 28 = 12*l - 11*l. Suppose -3*p + 350 = 2*p. What is the greatest common divisor of p and l?
14
Let g(z) = z. Let q be g(0). Let a(x) = -x + 0*x**2 + q*x**2 + 4*x**2 - 2 + 5*x**2. Let m be a(-1). What is the greatest common factor of m and 72?
8
Let a be -26*6/8*110/(-15). What is the highest common divisor of 33 and a?
11
Let d = 9 - -89. Let s = d - 67. What is the highest common divisor of s and 31?
31
Let h(d) = d. Let q be h(3). Let r(o) be the second derivative of o**3 - 297*o. Let v be r(q). Calculate the highest common divisor of v and 144.
18
Suppose -l = 4*h - 0*l - 20, h - 20 = -4*l. Let u be ((-156)/(-16) - h)*12. Calculate the highest common factor of 46 and u.
23
Let u(d) = d**3 + 6*d**2 + 3*d - 16. Let s be u(-4). What is the greatest common factor of 148 and s?
4
Suppose -13*v = -9*v - 160. Let y be 2250/v - (-2)/(-8). What is the highest common divisor of y and 84?
28
Suppose 214 = -4*j + 5*j. Suppose 0 = -a + 2, -3*r + j = -2*a - 2*a. Let d = r + -44. Calculate the highest common factor of 10 and d.
10
Suppose 4*t - 4*n + 36 = 0, -3*n - 4 = t - 3. Let h = 8 - t. Calculate the greatest common factor of h and 30.
15
Let g(b) be the first derivative of -b**3/3 + 2*b**2 + 3*b - 22. Let d be g(4). Calculate the highest common divisor of d and 27.
3
Suppose 0 = -3*w + 2*w + 6. Let f(z) = -z + 3*z + 5*z - z. Let c be f(w). What is the greatest common divisor of 12 and c?
12
Let t = 7 - 10. Let j(z) = -5*z + 2. Let x(c) = -16*c + 6. Let b(q) = -17*j(q) + 6*x(q). Let w be b(t). What is the greatest common divisor of 5 and w?
5
Let j be (0/(-2))/(-2) - -153. Let f = j + -105. What is the highest common divisor of 16 and f?
16
Suppose -8 = 2*r + 5*d, -12*d = -2*r - 11*d + 4. Calculate the highest common divisor of 29 and r.
1
Suppose -2*w - 5 + 17 = 0. Let y be ((-20)/(-30))/(2/60). Suppose y + 11 = x - v, x = -3*v + 27. Calculate the highest common divisor of x and w.
6
Suppose -3*q + 1527 = 2*k, -3*k + 3*q + 2574 = 321. What is the highest common divisor of 882 and k?
126
Suppose -4*n - 2*k + 54 = 0, -5*n + 70 = k + 7. Calculate the highest common factor of 108 and n.
12
Suppose -4*d - j = -47, d - 3*j = -4*j + 11. Let f be (2 - 3) + 5 + -1. Suppose f*o + 6 = 5*o. What is the highest common factor of d and o?
3
Suppose -36 = -5*l + 129. What is the greatest common factor of l and 528?
33
Let m be 3 - (-8)/((-4)/1). Calculate the greatest common divisor of m and 1.
1
Let r(a) = -a**2 + 5*a - 4. Let p be r(5). Let x be (-180)/(-5) + (p - 0). Let u = x - 9. What is the highest common factor of u and 23?
23
Let k(h) be the second derivative of 11*h**3/6 - 13*h**2 + 35*h. Let m be k(5). What is the greatest common factor of m and 145?
29
Let j(d) = 3*d + 7. Let m(c) = c**3 + c**2. Let q be m(1). Let u be j(q). Calculate the greatest common factor of 13 and u.
13
Suppose 74 = 4*a - 454. Calculate the greatest common factor of a and 352.
44
Suppose -2*a + 2*q + 14 = 0, -13 = 5*q + 2. Let b(k) = -k**3 + 6*k**2 + 8. Let w be b(a). What is the greatest common factor of 100 and w?
20
Suppose 9*l + 216 = 21*l. Calculate the greatest common divisor of l and 108.
18
Let l = 237 + -142. Let a = -40 + l. What is the greatest common divisor of a and 22?
11
Let t be (-171)/(5 - 6) + -2. What is the greatest common factor of t and 13?
13
Let a(b) = b**2 + 10*b - 9. Let l be a(-11). Let x(d) = -53*d - 73*d + 6*d + l. Let n be x(-2). What is the greatest common divisor of n and 22?
22
Suppose 0 = 3*h - 0*h - 12. Let c(j) be the second derivative of 2*j**3/3 - j**2/2 - 22*j. Let r be c(h). What is the greatest common factor of r and 165?
15
Let w(k) = -2*k**3 + 16*k**2 + 2. Let s be w(8). Let y be ((-140)/(-6))/(s/6). What is the greatest common factor of 10 and y?
10
Suppose -2*c + 7*c - 4*k - 254 = 0, 4*k = 3*c - 154. What is the greatest common factor of 20 and c?
10
Suppose -2923 = -9*p + 659 - 909. Let q = -21 + 54. What is the greatest common divisor of q and p?
33
Let z(d) = -3*d + 25. Let t be z(8). Let u be 3 + 4 + 0 - t. Suppose u*w - 32 = 10. Calculate the greatest common factor of w and 77.
7
Let y be (-3)/((-3)/5)*(-4)/(-4). Suppose -225 + 10 = -y*j + w, -43 = -j - w. Calculate the greatest common factor of 129 and j.
43
Suppose -5*c = 2*c + 140. Let n = c - -44. Let m be 1342/7 + 6/21. What is the greatest common factor of m and n?
24
Suppose -7 = h + 2*i, -3*i + i = -h - 11. Let r be 1/4 + 489/12. Let b = h + r. Calculate the highest common divisor of 4 and b.
4
Suppose -d - d = -6. Let z = -15 + 18. Suppose -z*s = -s - 18. Calculate the highest common divisor of d and s.
3
Let q be (100/(-70))/((-12)/210). What is the highest common divisor of q and 1?
1
Suppose -3*y = -4*y + 21. Let b be (2/7)/(3/y). Suppose 0 = b*v - 6*v + 368. What is the highest common factor of v and 23?
23
Let c(o) = o + 7. Let g be c(-4). Let z(s) = s**3 + 2*s**2 + 5*s - 27. Let j be z(3). Calculate the greatest common divisor of j and g.
3
Suppose -27 = -2*j + 1. Let g = j - -28. Calculate the highest co